-- http://www.phpmyadmin.net
--




--
-- Database: `db_temandesa`
--

-- --------------------------------------------------------

--
-- Table structure for table `bangunan`
--

CREATE TABLE `bangunan` (
  `id` int(11) NOT NULL,
  `jenis` varchar(30) NOT NULL,
  `nama` varchar(30) NOT NULL,
  `alamat` varchar(30) NOT NULL,
  `luas` varchar(30) NOT NULL
) ENGINE=InnoDB DEFAULT CHARSET=latin1;

--
-- Dumping data for table `bangunan`
--

INSERT INTO `bangunan` (`id`, `jenis`, `nama`, `alamat`, `luas`) VALUES
(2, 'Sekolah', 'SMA', 'RT 001 RW 007', '1200'),
(3, 'pertokoan', 'Ruko Kaliadem', 'kp. cinyosog ', '250');

-- --------------------------------------------------------

--
-- Table structure for table `bataswilayah`
--

CREATE TABLE `bataswilayah` (
  `id` int(11) NOT NULL,
  `wilayah` varchar(50) NOT NULL,
  `desa` varchar(50) NOT NULL,
  `ket` text NOT NULL
) ENGINE=InnoDB DEFAULT CHARSET=latin1;

--
-- Dumping data for table `bataswilayah`
--

INSERT INTO `bataswilayah` (`id`, `wilayah`, `desa`, `ket`) VALUES
(1, 'Barat', 'Distrik Pantai Kasuari, Distrik Fayit Kabupaten As', ' merupakan batas sebelah barat'),
(2, 'Timur', 'Distrik Okaba dan Distrik Kimaam Kabupaten Merauke', ' merupakan batas sebelah timur'),
(3, 'Selatan', 'Distrrik Kouh, Distrik Mandobo, dan Distrik Jair k', ' merupakan batas sebelah selatan'),
(5, 'Utara', 'Distrik Atsy dan Distrik Suator Kabupaten Asmat', ' merupakan batas sebelah utara');

-- --------------------------------------------------------

--
-- Table structure for table `bpd`
--

CREATE TABLE `bpd` (
  `id` int(11) NOT NULL,
  `ktp` varchar(50) NOT NULL,
  `nama` varchar(100) NOT NULL,
  `t_lahir` varchar(20) NOT NULL,
  `tgl_lahir` date NOT NULL,
  `jen_kel` enum('Laki-laki','Perempuan') NOT NULL,
  `agama` varchar(20) NOT NULL,
  `pendidikan` varchar(30) NOT NULL,
  `no_pengangkatan` varchar(50) NOT NULL,
  `tgl_pengangkatan` date NOT NULL,
  `no_pemberhentian` varchar(50) NOT NULL,
  `tgl_pemberhentian` date NOT NULL,
  `jabatan` varchar(30) NOT NULL,
  `foto` varchar(100) NOT NULL
) ENGINE=InnoDB DEFAULT CHARSET=latin1;

--
-- Dumping data for table `bpd`
--

INSERT INTO `bpd` (`id`, `ktp`, `nama`, `t_lahir`, `tgl_lahir`, `jen_kel`, `agama`, `pendidikan`, `no_pengangkatan`, `tgl_pengangkatan`, `no_pemberhentian`, `tgl_pemberhentian`, `jabatan`, `foto`) VALUES
(3, '12114', 'Riansyah, SH', 'Bekasi', '2016-12-31', 'Laki-laki', 'Islam', 'STRATA II', '123', '2016-01-27', '', '0000-00-00', 'Ketua BPD', 'bc.jpg'),
(10, '32160708090001', 'Siti Maemunah, S.Pd., M.Pd.', 'Bekasi', '2016-02-29', '', 'Islam', '', '12345', '2016-02-29', '', '0000-00-00', 'Wakil Ketua  BPD', 'istri.jpg'),
(11, '32160707070001', 'Mohamad Yasir Arafat, S.Pd., M.Pd.', 'Bekasi', '2016-03-01', '', 'Islam', '', '12345', '2016-03-01', '', '0000-00-00', 'Wakil Ketua  BPD', 'as.jpg');

-- --------------------------------------------------------

--
-- Table structure for table `bpdkeputusan`
--

CREATE TABLE `bpdkeputusan` (
  `ID` int(11) NOT NULL,
  `NoKeputusan` varchar(30) NOT NULL,
  `TglKeputusan` date NOT NULL,
  `Keputusan` varchar(50) NOT NULL,
  `UraianKeputusan` text NOT NULL,
  `Keterangan` varchar(100) NOT NULL
) ENGINE=InnoDB DEFAULT CHARSET=latin1;

-- --------------------------------------------------------

--
-- Table structure for table `bpd_agenda`
--

CREATE TABLE `bpd_agenda` (
  `id` int(11) NOT NULL,
  `jenis_surat` varchar(50) NOT NULL,
  `sm_no` varchar(30) NOT NULL,
  `sm_tgl` date NOT NULL,
  `sm_pengirim` varchar(50) NOT NULL,
  `sk_tgl_kirim` date NOT NULL,
  `sk_isi` varchar(100) NOT NULL,
  `sk_tujuan` varchar(50) NOT NULL
) ENGINE=InnoDB DEFAULT CHARSET=latin1;

-- --------------------------------------------------------

--
-- Table structure for table `bpd_kegiatan`
--

CREATE TABLE `bpd_kegiatan` (
  `id` int(11) NOT NULL,
  `kegiatan` varchar(50) NOT NULL,
  `tgl_kegiatan` date NOT NULL,
  `pokok_kegiatan` varchar(100) NOT NULL,
  `anggota_bpd` varchar(50) NOT NULL,
  `hasil_kegiatan` varchar(100) NOT NULL,
  `ket` varchar(50) NOT NULL
) ENGINE=InnoDB DEFAULT CHARSET=latin1;

-- --------------------------------------------------------

--
-- Table structure for table `contact`
--

CREATE TABLE `contact` (
  `id` int(5) NOT NULL DEFAULT '0',
  `pemerintah` varchar(30) NOT NULL,
  `alamat` varchar(50) NOT NULL,
  `Kecamatan` varchar(100) NOT NULL,
  `Kota` varchar(100) NOT NULL,
  `Provinsi` varchar(100) NOT NULL,
  `TelponDesa` varchar(15) NOT NULL,
  `telp_lain` varchar(12) NOT NULL,
  `email` varchar(20) NOT NULL,
  `image` varchar(250) NOT NULL
) ENGINE=InnoDB DEFAULT CHARSET=latin1;

--
-- Dumping data for table `contact`
--

INSERT INTO `contact` (`id`, `pemerintah`, `alamat`, `Kecamatan`, `Kota`, `Provinsi`, `TelponDesa`, `telp_lain`, `email`, `image`) VALUES
(1, 'SOFTWARE UKS', 'Jl. Raya Lubang Buaya', 'Ambal', 'Kebumen', 'Jawa Tengah', '0813 9179 9179', '0811 294789', 'info@uks.com', 'tat.jpg');

-- --------------------------------------------------------

--
-- Table structure for table `dataaparat`
--

CREATE TABLE `dataaparat` (
  `id` int(11) NOT NULL,
  `NIP` varchar(30) NOT NULL,
  `NIAP` varchar(30) NOT NULL,
  `Nama` varchar(50) NOT NULL,
  `TempatLahir` varchar(50) NOT NULL,
  `TglLahir` date NOT NULL,
  `JenKel` varchar(20) NOT NULL,
  `Agama` varchar(20) NOT NULL,
  `Jabatan` varchar(30) NOT NULL,
  `Pendidikan` varchar(20) NOT NULL,
  `Periode` varchar(15) NOT NULL,
  `NoPengangkatan` varchar(50) NOT NULL,
  `TglPengangkatan` date NOT NULL,
  `NoPemberhentian` varchar(50) NOT NULL,
  `TglPemberhentian` date NOT NULL,
  `Status` enum('Aktif','Non') NOT NULL,
  `Foto` varchar(100) NOT NULL
) ENGINE=InnoDB DEFAULT CHARSET=latin1;

-- --------------------------------------------------------

--
-- Table structure for table `detailrkp`
--

CREATE TABLE `detailrkp` (
  `ID` int(11) NOT NULL,
  `IDRKP` varchar(10) NOT NULL,
  `KodeRekeningSumberDana` varchar(10) NOT NULL,
  `Jumlah` decimal(10,0) NOT NULL
) ENGINE=InnoDB DEFAULT CHARSET=latin1;

-- --------------------------------------------------------

--
-- Table structure for table `inventaris`
--

CREATE TABLE `inventaris` (
  `id` int(11) NOT NULL,
  `TglPeroleh` date NOT NULL,
  `JenisBarang` varchar(30) NOT NULL,
  `KodeBarang` varchar(30) NOT NULL,
  `NamaBarang` varchar(50) NOT NULL,
  `BeliSendiri` varchar(20) NOT NULL,
  `BantuanPemerintah` varchar(20) NOT NULL,
  `BantuanProv` varchar(20) NOT NULL,
  `BantuanKab` varchar(20) NOT NULL,
  `BantuanSumbangan` varchar(20) NOT NULL,
  `Baik` varchar(10) NOT NULL,
  `Rusak` varchar(10) NOT NULL
) ENGINE=InnoDB DEFAULT CHARSET=latin1;

--
-- Dumping data for table `inventaris`
--

INSERT INTO `inventaris` (`id`, `TglPeroleh`, `JenisBarang`, `KodeBarang`, `NamaBarang`, `BeliSendiri`, `BantuanPemerintah`, `BantuanProv`, `BantuanKab`, `BantuanSumbangan`, `Baik`, `Rusak`) VALUES
(1, '2016-05-02', 'Sirup', '001', 'Komik', '3', '', '', '', '', '2', '1'),
(2, '2016-05-02', 'Tablet', '002', 'Paramex', '4', '', '', '', '', '2', '2');

-- --------------------------------------------------------

--
-- Table structure for table `kelahiran`
--

CREATE TABLE `kelahiran` (
  `id` int(11) NOT NULL,
  `Nama` varchar(100) NOT NULL,
  `JenKel` enum('Laki-laki','Perempuan') NOT NULL,
  `TempatDiLahirkan` enum('RS/RB','Puskesmas','Polindes','Rumah','Lainnya') NOT NULL,
  `Agama` enum('Islam','Katolik','Protestan','Hindu','Budha','Lainnya') NOT NULL,
  `TempatKelahiran` varchar(100) NOT NULL,
  `TglLahir` date NOT NULL,
  `Pukul` time NOT NULL,
  `JenisKelahiran` enum('Tunggal','Kembar 2','Kembar 3','Kembar 4','Lainnya') NOT NULL,
  `KelahiranKe` int(11) NOT NULL,
  `PenolongKelahiran` varchar(50) NOT NULL,
  `NamaPenolong` varchar(100) NOT NULL,
  `Berat` int(11) NOT NULL,
  `Panjang` int(11) NOT NULL,
  `GolDar` enum('A','B','AB','O','A+','A-','B+','B-','AB+','AB-','O+','O-','Tidak Tahu') NOT NULL,
  `KTPAyah` varchar(50) NOT NULL,
  `NamaAyah` varchar(100) NOT NULL,
  `KTPIbu` varchar(50) NOT NULL,
  `NamaIbu` varchar(100) NOT NULL,
  `NamaPelapor` varchar(50) NOT NULL,
  `KTPPelapor` varchar(50) NOT NULL,
  `AlamatPelapor` varchar(100) NOT NULL,
  `NamaSaksi1` varchar(50) NOT NULL,
  `KTPSaksi1` varchar(50) NOT NULL,
  `AlamatSaksi1` varchar(100) NOT NULL,
  `NamaSaksi2` varchar(50) NOT NULL,
  `KTPSaksi2` varchar(50) NOT NULL,
  `AlamatSaksi2` varchar(100) NOT NULL
) ENGINE=InnoDB DEFAULT CHARSET=latin1;

-- --------------------------------------------------------

--
-- Table structure for table `kematian`
--

CREATE TABLE `kematian` (
  `id` int(11) NOT NULL,
  `NoKTP` varchar(50) NOT NULL,
  `TglMati` date NOT NULL,
  `WaktuMati` time NOT NULL,
  `SebabKematian` varchar(50) NOT NULL,
  `TempatKematian` varchar(50) NOT NULL,
  `YangMenerangkanKematian` varchar(50) NOT NULL,
  `NamaYangMenerangkan` varchar(50) NOT NULL,
  `KTPPelapor` varchar(30) NOT NULL,
  `NamaPelapor` varchar(50) NOT NULL,
  `AlamatPelapor` varchar(100) NOT NULL,
  `NamaSaksi1` varchar(50) NOT NULL,
  `KTPSaksi1` varchar(30) NOT NULL,
  `AlamatSaksi1` varchar(100) NOT NULL,
  `NamaSaksi2` varchar(50) NOT NULL,
  `KTPSaksi2` varchar(30) NOT NULL,
  `AlamatSaksi2` varchar(100) NOT NULL
) ENGINE=MyISAM DEFAULT CHARSET=latin1;

-- --------------------------------------------------------

--
-- Table structure for table `keputusankepdes`
--

CREATE TABLE `keputusankepdes` (
  `id` int(11) NOT NULL,
  `NoKepKepdes` varchar(30) NOT NULL,
  `TglKepKepdes` date NOT NULL,
  `Tentang` varchar(100) NOT NULL,
  `Keputusan` text NOT NULL,
  `NoLapor` varchar(30) NOT NULL,
  `TglLapor` date NOT NULL,
  `Keterangan` varchar(100) NOT NULL
) ENGINE=InnoDB DEFAULT CHARSET=latin1;

-- --------------------------------------------------------

--
-- Table structure for table `login`
--

CREATE TABLE `login` (
  `id` int(11) NOT NULL,
  `username` varchar(100) NOT NULL,
  `password` varchar(100) NOT NULL,
  `level` enum('Admin','Kades') NOT NULL,
  `image` varchar(200) NOT NULL
) ENGINE=InnoDB DEFAULT CHARSET=latin1;

--
-- Dumping data for table `login`
--

INSERT INTO `login` (`id`, `username`, `password`, `level`, `image`) VALUES
(1, 'Admin', 'e3afed0047b08059d0fada10f400c1e5', 'Admin', 'Admin2.jpg');

-- --------------------------------------------------------

--
-- Table structure for table `masterkodeakun`
--

CREATE TABLE `masterkodeakun` (
  `ID` int(11) NOT NULL,
  `KodeAkun` int(11) NOT NULL,
  `UraianAkun` varchar(250) NOT NULL,
  `StatusAkun` varchar(25) NOT NULL
) ENGINE=InnoDB DEFAULT CHARSET=latin1;

--
-- Dumping data for table `masterkodeakun`
--

INSERT INTO `masterkodeakun` (`ID`, `KodeAkun`, `UraianAkun`, `StatusAkun`) VALUES
(1, 1, 'PENDAPATAN', ''),
(2, 2, 'BELANJA', ''),
(3, 3, 'PEMBIAYAAN', '');

-- --------------------------------------------------------

--
-- Table structure for table `masterkodejenis`
--

CREATE TABLE `masterkodejenis` (
  `ID` int(11) NOT NULL,
  `IDKodeKelompok` int(11) NOT NULL,
  `KodeJenis` int(11) NOT NULL,
  `UraianJenis` varchar(250) NOT NULL,
  `StatusJenis` varchar(25) NOT NULL
) ENGINE=InnoDB DEFAULT CHARSET=latin1;

--
-- Dumping data for table `masterkodejenis`
--

INSERT INTO `masterkodejenis` (`ID`, `IDKodeKelompok`, `KodeJenis`, `UraianJenis`, `StatusJenis`) VALUES
(74, 63, 1, 'Hasil Usaha', ''),
(75, 63, 2, 'Swadaya, Partisipasi dan Gotong Royong', ''),
(76, 63, 3, 'Lain-lain Pendapatan Asli Desa yang sah', ''),
(77, 64, 1, 'Dana Desa', ''),
(78, 64, 2, 'Bagian dari hasil pajak ', ''),
(79, 64, 3, 'Alokasi Dana Desa', ''),
(80, 64, 4, 'Bantuan Keuangan', ''),
(81, 65, 1, 'SILPA', ''),
(82, 65, 2, 'Pencairan Dana Cadangan', ''),
(83, 65, 3, 'Hasil Kekayaan Desa Yang dipisahkan', ''),
(84, 66, 1, 'Pembentukan Dana Cadangan', ''),
(85, 66, 2, 'Penyertaan Modal Desa', ''),
(86, 67, 1, 'Penghasilan Tetap dan Tunjangan', ''),
(87, 67, 2, 'Operasional Perkantoran', ''),
(88, 67, 3, 'Operasional BPD', ''),
(89, 67, 4, 'Operasional RT/ RW', ''),
(90, 68, 1, 'Perbaikan Saluran Irigasi', ''),
(91, 68, 2, 'Pengaspalan jalan desa', ''),
(92, 69, 1, 'Kegiatan Pembinaan Ketentraman dan Ketertiban', ''),
(93, 70, 1, 'Kegiatan Pelatihan Kepala Desa dan Perangkat', ''),
(94, 71, 1, 'Kegiatan Kejadian Luar Biasa', '');

-- --------------------------------------------------------

--
-- Table structure for table `masterkodekelompok`
--

CREATE TABLE `masterkodekelompok` (
  `ID` int(11) NOT NULL,
  `KodeAkun` int(11) NOT NULL,
  `KodeKelompok` int(11) NOT NULL,
  `UraianKelompok` varchar(250) NOT NULL,
  `StatusKelompok` varchar(25) NOT NULL
) ENGINE=InnoDB DEFAULT CHARSET=latin1;

--
-- Dumping data for table `masterkodekelompok`
--

INSERT INTO `masterkodekelompok` (`ID`, `KodeAkun`, `KodeKelompok`, `UraianKelompok`, `StatusKelompok`) VALUES
(63, 1, 1, 'Pendapatan Asli Desa', ''),
(64, 1, 2, 'Pendapatan Transfer', ''),
(65, 3, 1, 'Penerimaan Pembiayaan', ''),
(66, 3, 2, 'Pengeluaran Pembiayaan', ''),
(67, 2, 1, 'Bidang Penyelenggaraan Pemerintahan Desa', ''),
(68, 2, 2, 'Bidang Pelaksanaan Pembangunan Desa', ''),
(69, 2, 3, 'Bidang Pembinaan Kemasyarakatan', ''),
(70, 2, 4, 'Bidang Pemberdayaan Masyarakat', ''),
(71, 2, 5, 'Bidang Tak Terduga', '');

-- --------------------------------------------------------

--
-- Table structure for table `masterkodeobjek`
--

CREATE TABLE `masterkodeobjek` (
  `ID` int(11) NOT NULL,
  `IDKodeJenis` int(11) NOT NULL,
  `KodeObjek` int(11) NOT NULL,
  `UraianObjek` varchar(250) NOT NULL,
  `StatusObjek` varchar(25) NOT NULL
) ENGINE=InnoDB DEFAULT CHARSET=latin1;

--
-- Dumping data for table `masterkodeobjek`
--

INSERT INTO `masterkodeobjek` (`ID`, `IDKodeJenis`, `KodeObjek`, `UraianObjek`, `StatusObjek`) VALUES
(35, 80, 1, 'Bantuan Provinsi', ''),
(36, 80, 2, 'Bantuan Kabupaten / Kota', ''),
(37, 86, 1, 'Belanja Pegawai', ''),
(38, 87, 1, 'Belanja Barang dan Jasa', ''),
(39, 87, 2, 'Belanja Modal', ''),
(40, 88, 1, 'Belanja Barang dan Jasa', ''),
(41, 89, 1, 'Belanja Barang dan Jasa', ''),
(42, 90, 1, 'Belanja Barang dan jasa', ''),
(43, 90, 2, 'Belanja Modal', ''),
(44, 91, 1, 'Belanja Barang dan Jasa ', ''),
(45, 91, 2, 'Belanja Modal', ''),
(46, 92, 1, 'Belanja Barang dan Jasa', ''),
(47, 93, 1, 'Belanja Barang dan Jasa', ''),
(48, 94, 1, 'Belanja Barang dan Jasa', '');

-- --------------------------------------------------------

--
-- Table structure for table `masterkodepajak`
--

CREATE TABLE `masterkodepajak` (
  `ID` int(11) NOT NULL,
  `UraianPajak` varchar(200) NOT NULL,
  `Tipe Pajak` varchar(50) NOT NULL,
  `Keterangan` varchar(50) NOT NULL
) ENGINE=MyISAM DEFAULT CHARSET=latin1;

--
-- Dumping data for table `masterkodepajak`
--

INSERT INTO `masterkodepajak` (`ID`, `UraianPajak`, `Tipe Pajak`, `Keterangan`) VALUES
(1, 'Pungut PPN', 'PPN', 'Pungut'),
(2, 'Setor PPN', 'PPN', 'Setor'),
(3, 'Pungut PPh21', 'PPh21', 'Pungut'),
(4, 'Setor PPh21', 'PPh21', 'Setor'),
(5, 'Pungut PPh22', 'PPh22', 'Pungut'),
(6, 'Setor PPh22', 'PPh22', 'Setor');

-- --------------------------------------------------------

--
-- Table structure for table `masterkodeprogram`
--

CREATE TABLE `masterkodeprogram` (
  `ID` int(11) NOT NULL,
  `IDKodeKelompok` varchar(10) NOT NULL,
  `KodeProgram` varchar(10) NOT NULL,
  `UraianProgram` varchar(250) NOT NULL,
  `StatusProgram` varchar(25) NOT NULL
) ENGINE=InnoDB DEFAULT CHARSET=latin1;

-- --------------------------------------------------------

--
-- Table structure for table `masterkoderincian`
--

CREATE TABLE `masterkoderincian` (
  `ID` int(11) NOT NULL,
  `IDKodeObjek` int(11) NOT NULL,
  `KodeRincian` int(11) NOT NULL,
  `UraianRincian` varchar(250) NOT NULL,
  `StatusRincian` varchar(25) NOT NULL
) ENGINE=InnoDB DEFAULT CHARSET=latin1;

--
-- Dumping data for table `masterkoderincian`
--

INSERT INTO `masterkoderincian` (`ID`, `IDKodeObjek`, `KodeRincian`, `UraianRincian`, `StatusRincian`) VALUES
(46, 37, 1, 'Penghasilan Tetap Kepala Desa dan Perangkat', ''),
(47, 37, 2, 'Tunjangan Kepala Desa dan Perangkat', ''),
(48, 37, 3, 'Tunjangan BPD', ''),
(49, 38, 1, 'Alat Tulis Kantor', ''),
(50, 38, 2, 'Benda POS', ''),
(51, 38, 3, 'Pakaian Dinas dan Atribut', ''),
(52, 38, 4, 'Pakaian Dinas', ''),
(53, 38, 5, 'Alat dan Bahan Kebersihan', ''),
(54, 38, 6, 'Perjalanan Dinas', ''),
(55, 38, 7, 'Pemeliharaan', ''),
(56, 38, 8, 'Air, Listrik,dan Telepon', ''),
(57, 38, 9, 'Honor', ''),
(58, 39, 1, 'Komputer', ''),
(59, 39, 2, 'Meja dan Kursi', ''),
(60, 39, 3, 'Mesin TIK', ''),
(61, 40, 1, 'ATK', ''),
(62, 40, 2, 'Penggandaan', ''),
(63, 40, 3, 'Konsumsi Rapat', ''),
(64, 41, 1, 'ATK', ''),
(65, 41, 2, 'Penggandaan', ''),
(66, 41, 3, 'Konsumsi Rapat', ''),
(67, 42, 1, 'Upah Kerja', ''),
(68, 42, 2, 'Honor', ''),
(69, 43, 1, 'Semen', ''),
(70, 45, 1, 'Aspal', ''),
(71, 44, 1, 'Upah Kerja', ''),
(72, 44, 2, 'Honor', ''),
(73, 43, 2, 'Material', ''),
(74, 45, 2, 'Pasir', ''),
(75, 46, 1, 'Honor Pelatih', ''),
(76, 46, 2, 'Konsumsi', ''),
(77, 46, 3, 'Bahan Pelatihan', ''),
(78, 47, 1, 'Honor pelatih', ''),
(79, 47, 2, 'Konsumsi', ''),
(80, 47, 3, 'Bahan pelatihan', ''),
(81, 48, 1, 'Honor tim', ''),
(82, 48, 2, 'Konsumsi', ''),
(83, 48, 3, 'Obat-obatan', '');

-- --------------------------------------------------------

--
-- Table structure for table `masterrancanganapbddes`
--

CREATE TABLE `masterrancanganapbddes` (
  `ID` int(11) NOT NULL,
  `KodeRekening` varchar(10) NOT NULL,
  `Anggaran` decimal(10,0) NOT NULL,
  `TahunAnggaran` date NOT NULL,
  `Keterangan` varchar(250) NOT NULL
) ENGINE=InnoDB DEFAULT CHARSET=latin1;

-- --------------------------------------------------------

--
-- Table structure for table `masterrkabelanja`
--

CREATE TABLE `masterrkabelanja` (
  `ID` int(11) NOT NULL,
  `KodeRekeningBelanja` varchar(10) NOT NULL,
  `TahunAnggaran` varchar(10) NOT NULL,
  `HargaSatuan` decimal(10,0) NOT NULL,
  `UnitSatuan` varchar(10) NOT NULL,
  `Volume` varchar(10) NOT NULL,
  `idPerdes` int(11) NOT NULL,
  `status` varchar(50) NOT NULL
) ENGINE=InnoDB DEFAULT CHARSET=latin1;

--
-- Dumping data for table `masterrkabelanja`
--

INSERT INTO `masterrkabelanja` (`ID`, `KodeRekeningBelanja`, `TahunAnggaran`, `HargaSatuan`, `UnitSatuan`, `Volume`, `idPerdes`, `status`) VALUES
(2, '46', '2016', '9000000', 'unit', '10', 2, 'Belum');

-- --------------------------------------------------------

--
-- Table structure for table `masterrkapembiayaan`
--

CREATE TABLE `masterrkapembiayaan` (
  `ID` int(11) NOT NULL,
  `KodeRekeningPembiayaan` varchar(10) NOT NULL,
  `TahunAnggaran` varchar(10) NOT NULL,
  `HargaSatuan` decimal(10,0) NOT NULL,
  `JenisRekening` varchar(30) NOT NULL,
  `idPerdes` int(11) NOT NULL,
  `status` varchar(50) NOT NULL
) ENGINE=InnoDB DEFAULT CHARSET=latin1;

-- --------------------------------------------------------

--
-- Table structure for table `masterrkapendapatan`
--

CREATE TABLE `masterrkapendapatan` (
  `ID` int(11) NOT NULL,
  `KodeRekeningPendapatan` varchar(10) NOT NULL,
  `TahunAnggaran` varchar(10) NOT NULL,
  `HargaSatuan` decimal(10,0) NOT NULL,
  `JenisRekening` varchar(30) DEFAULT NULL,
  `idPerdes` int(11) NOT NULL,
  `status` varchar(50) NOT NULL
) ENGINE=InnoDB DEFAULT CHARSET=latin1;

--
-- Dumping data for table `masterrkapendapatan`
--

INSERT INTO `masterrkapendapatan` (`ID`, `KodeRekeningPendapatan`, `TahunAnggaran`, `HargaSatuan`, `JenisRekening`, `idPerdes`, `status`) VALUES
(46, '74', '2016', '9000000', 'Jenis', 2, 'Belum');

-- --------------------------------------------------------

--
-- Table structure for table `masterrkpdes`
--

CREATE TABLE `masterrkpdes` (
  `ID` int(11) NOT NULL,
  `IDRPJMDes` varchar(10) NOT NULL,
  `SifatProyek` varchar(250) NOT NULL,
  `Volume` varchar(250) NOT NULL,
  `SasaranManfaat` varchar(250) NOT NULL,
  `WaktuPelaksanaanBulan` varchar(250) NOT NULL
) ENGINE=InnoDB DEFAULT CHARSET=latin1;

--
-- Dumping data for table `masterrkpdes`
--

INSERT INTO `masterrkpdes` (`ID`, `IDRPJMDes`, `SifatProyek`, `Volume`, `SasaranManfaat`, `WaktuPelaksanaanBulan`) VALUES
(1, '29', 'Baru', '', '', '');

-- --------------------------------------------------------

--
-- Table structure for table `masterrpjmdes`
--

CREATE TABLE `masterrpjmdes` (
  `ID` int(11) NOT NULL,
  `KodeJenis` varchar(10) NOT NULL,
  `Tujuan` varchar(250) NOT NULL,
  `Lokasi` varchar(250) NOT NULL,
  `WaktuPelaksanaanTahun` varchar(250) NOT NULL
) ENGINE=InnoDB DEFAULT CHARSET=latin1;

--
-- Dumping data for table `masterrpjmdes`
--

INSERT INTO `masterrpjmdes` (`ID`, `KodeJenis`, `Tujuan`, `Lokasi`, `WaktuPelaksanaanTahun`) VALUES
(29, '86', 'e', '1', '2016');

-- --------------------------------------------------------

--
-- Table structure for table `misi`
--

CREATE TABLE `misi` (
  `id` int(11) NOT NULL,
  `misi` longtext NOT NULL
) ENGINE=InnoDB DEFAULT CHARSET=latin1;

--
-- Dumping data for table `misi`
--

INSERT INTO `misi` (`id`, `misi`) VALUES
(4, 'Misi kami susun dengan mengacu kepada Tugas Pokok Kepala Daerah selaku Penyelenggara Pemerintahan , Pelaksana Pembangunan dan Pelayanan Kemasyarakatan , maka yang menjadi misi pembangunan kami adalah : \r\n\r\n\r\n1) Menata kelembagaan pemerintah dan aparatur Daerah untuk menuju pemerintahan yang baik (Good Governance) ,Aparatur yang bersih (Clean Government) . \r\n\r\n\r\n2) Mempercepat laju pembangunan untuk mendorong percepatan pertumbuhan ekonomi guna meningkatkan kesejahteraan masyarakat . \r\n\r\n\r\n3) Meningkatkan kualitas pelayanan masyarakat dengan mengedepankan pelayanan yang efektif dan efisien . ');

-- --------------------------------------------------------

--
-- Table structure for table `pekerjaan`
--

CREATE TABLE `pekerjaan` (
  `id` int(11) NOT NULL,
  `Pekerjaan` varchar(100) DEFAULT NULL
) ENGINE=InnoDB DEFAULT CHARSET=latin1;

-- --------------------------------------------------------

--
-- Table structure for table `pemukiman`
--

CREATE TABLE `pemukiman` (
  `id` int(11) NOT NULL,
  `jenis` varchar(30) NOT NULL,
  `nama` varchar(30) NOT NULL,
  `alamat` varchar(30) NOT NULL,
  `luas` varchar(30) NOT NULL
) ENGINE=InnoDB DEFAULT CHARSET=latin1;

--
-- Dumping data for table `pemukiman`
--

INSERT INTO `pemukiman` (`id`, `jenis`, `nama`, `alamat`, `luas`) VALUES
(1, 'Lereng Gunung', 'Kp. Cibadak', 'Jl. Tirta yasa km 44', '1250');

-- --------------------------------------------------------

--
-- Table structure for table `pendidikan`
--

CREATE TABLE `pendidikan` (
  `id` int(11) NOT NULL,
  `Pendidikan` varchar(50) NOT NULL
) ENGINE=InnoDB DEFAULT CHARSET=latin1;

--
-- Dumping data for table `pendidikan`
--

INSERT INTO `pendidikan` (`id`, `Pendidikan`) VALUES
(1, 'TIDAK/BELUM SEKOLAH'),
(2, 'BELUM TAMAT SD/SEDERAJAT'),
(3, 'TAMAT SD/SEDERAJAT'),
(4, 'SLTP/SEDERAJAT'),
(5, 'SLTA/SEDERAJAT'),
(6, 'DIPLOMA I/II'),
(7, 'AKADEMI/DIPLOMA III/S.MUDA'),
(8, 'DIPLOMA IV/STRATA I'),
(9, 'STRATA II'),
(10, 'STRATA III');

-- --------------------------------------------------------

--
-- Table structure for table `penduduk`
--

CREATE TABLE `penduduk` (
  `id` int(11) NOT NULL,
  `NoKTP` varchar(30) NOT NULL,
  `NoKK` varchar(50) NOT NULL,
  `Nama` varchar(50) NOT NULL,
  `TempatLahir` varchar(30) NOT NULL,
  `TglLahir` date NOT NULL,
  `Jalan` varchar(50) NOT NULL,
  `RT` varchar(50) NOT NULL,
  `RW` varchar(50) NOT NULL,
  `JenKel` enum('Laki-laki','Perempuan') NOT NULL,
  `Agama` varchar(30) NOT NULL,
  `GolDar` varchar(5) NOT NULL,
  `Pendidikan` varchar(50) NOT NULL,
  `Pekerjaan` varchar(20) NOT NULL,
  `S_Nikah` varchar(20) NOT NULL,
  `Kewarganegaraan` varchar(50) NOT NULL,
  `SHDK` varchar(20) NOT NULL,
  `StatusKK` varchar(50) NOT NULL,
  `KTPAyah` varchar(100) NOT NULL,
  `NamaAyah` varchar(50) NOT NULL,
  `KTPIbu` varchar(50) NOT NULL,
  `NamaIbu` varchar(100) NOT NULL,
  `KelainanFisik` varchar(20) NOT NULL,
  `PenyandangCacat` varchar(50) NOT NULL,
  `AktaLahir` varchar(50) NOT NULL,
  `NoAktaLahir` varchar(50) NOT NULL,
  `AktaKawin` varchar(50) NOT NULL,
  `NoAktaKawin` varchar(50) NOT NULL,
  `TglKawin` date NOT NULL,
  `AktaCerai` varchar(50) NOT NULL,
  `NoAktaCerai` varchar(50) NOT NULL,
  `TglCerai` date NOT NULL,
  `Foto` varchar(100) NOT NULL,
  `JenisPindah` varchar(100) NOT NULL,
  `AlasanPindah` varchar(100) NOT NULL,
  `TanggalPindah` date NOT NULL,
  `Keterangan` varchar(100) NOT NULL,
  `AsalDesa` varchar(50) NOT NULL,
  `AsalJalan` varchar(50) NOT NULL,
  `AsalRT` varchar(10) NOT NULL,
  `AsalRW` varchar(10) NOT NULL,
  `AsalKecamatan` varchar(50) NOT NULL,
  `AsalKota` varchar(50) NOT NULL,
  `AsalProvinsi` varchar(50) NOT NULL,
  `AsalKodePos` int(11) NOT NULL
) ENGINE=InnoDB DEFAULT CHARSET=latin1;

--
-- Dumping data for table `penduduk`
--

INSERT INTO `penduduk` (`id`, `NoKTP`, `NoKK`, `Nama`, `TempatLahir`, `TglLahir`, `Jalan`, `RT`, `RW`, `JenKel`, `Agama`, `GolDar`, `Pendidikan`, `Pekerjaan`, `S_Nikah`, `Kewarganegaraan`, `SHDK`, `StatusKK`, `KTPAyah`, `NamaAyah`, `KTPIbu`, `NamaIbu`, `KelainanFisik`, `PenyandangCacat`, `AktaLahir`, `NoAktaLahir`, `AktaKawin`, `NoAktaKawin`, `TglKawin`, `AktaCerai`, `NoAktaCerai`, `TglCerai`, `Foto`, `JenisPindah`, `AlasanPindah`, `TanggalPindah`, `Keterangan`, `AsalDesa`, `AsalJalan`, `AsalRT`, `AsalRW`, `AsalKecamatan`, `AsalKota`, `AsalProvinsi`, `AsalKodePos`) VALUES
(1, '0818430447', '0811294789', 'admin', 'Karanganyar', '2016-05-21', 'Flu', 'Maskeran', 'Panadol', 'Laki-laki', 'Islam', 'AB', '', 'Siswa', '', '', '', 'Pengurus', '', '', '', '', 'Tidak Ada', '', 'Ada', 'Seafood', '', '', '0000-00-00', '', '', '2016-05-01', 'papa.jpg', '', '', '0000-00-00', '', '', '', '', '', '', '', '', 0);

-- --------------------------------------------------------

--
-- Table structure for table `pendudukmutasi`
--

CREATE TABLE `pendudukmutasi` (
  `id` int(11) NOT NULL,
  `NoKTP` varchar(50) NOT NULL,
  `NoKK` varchar(50) NOT NULL,
  `Nama` varchar(100) NOT NULL,
  `TempatLahir` varchar(50) NOT NULL,
  `TglLahir` date NOT NULL,
  `Jalan` varchar(30) NOT NULL,
  `RT` varchar(5) NOT NULL,
  `RW` varchar(5) NOT NULL,
  `JenKel` enum('Laki-laki','Perempuan') NOT NULL,
  `JenisMutasi` varchar(50) NOT NULL,
  `TglMutasi` date NOT NULL,
  `MutasiDari` varchar(30) NOT NULL,
  `MutasiKe` varchar(30) NOT NULL,
  `Keterangan` varchar(100) NOT NULL
) ENGINE=InnoDB DEFAULT CHARSET=latin1;

-- --------------------------------------------------------

--
-- Table structure for table `penduduksementara`
--

CREATE TABLE `penduduksementara` (
  `id` int(11) NOT NULL,
  `NoKTP` varchar(50) NOT NULL,
  `NoKK` varchar(50) NOT NULL,
  `TempatLahir` varchar(30) NOT NULL,
  `TglLahir` date NOT NULL,
  `JenKel` enum('Laki-laki','Perempuan') NOT NULL,
  `Agama` varchar(20) NOT NULL,
  `Kewarganegaraan` varchar(50) NOT NULL,
  `Pekerjaan` varchar(30) NOT NULL,
  `TglDaftar` date NOT NULL,
  `TglDatang` date NOT NULL,
  `Dari` varchar(100) NOT NULL,
  `Jalan` varchar(50) NOT NULL,
  `RT` varchar(5) NOT NULL,
  `RW` varchar(5) NOT NULL,
  `TujuanDatang` varchar(50) NOT NULL,
  `TglPergi` date NOT NULL,
  `Keterangan` varchar(100) NOT NULL,
  `Foto` varchar(100) NOT NULL
) ENGINE=InnoDB DEFAULT CHARSET=latin1;

-- --------------------------------------------------------

--
-- Table structure for table `perdes`
--

CREATE TABLE `perdes` (
  `id` int(11) NOT NULL,
  `NoPerdes` varchar(30) NOT NULL,
  `TahunAnggaran` varchar(20) NOT NULL,
  `TanggalPengesahan` date NOT NULL,
  `StatusAnggaran` varchar(50) NOT NULL,
  `JenisPerdes` varchar(50) NOT NULL
) ENGINE=InnoDB DEFAULT CHARSET=latin1;

-- --------------------------------------------------------

--
-- Table structure for table `potensilembagakeamanan`
--

CREATE TABLE `potensilembagakeamanan` (
  `id` int(11) NOT NULL,
  `Lembaga` varchar(100) NOT NULL,
  `Keterangan` varchar(20) NOT NULL
) ENGINE=InnoDB DEFAULT CHARSET=latin1;

--
-- Dumping data for table `potensilembagakeamanan`
--

INSERT INTO `potensilembagakeamanan` (`id`, `Lembaga`, `Keterangan`) VALUES
(1, 'Keberadaan Hansip dan Linmas', 'cukup'),
(2, 'Jumlah Anggota Hansip', '10'),
(3, 'Jumlah Anggota Satgas Linmas', '20'),
(4, 'Pelaksanaan SISKAMLING', 'bagus'),
(5, 'Jumlah Pos Kamling', '10'),
(6, 'Keberadaan SATPAM SWAKARSA', '2');

-- --------------------------------------------------------

--
-- Table structure for table `potensilembagamasyarakat`
--

CREATE TABLE `potensilembagamasyarakat` (
  `id` int(11) NOT NULL,
  `JenisLembaga` varchar(100) NOT NULL,
  `DasarHukum` varchar(50) NOT NULL,
  `Jumlah` varchar(5) NOT NULL,
  `JumlahPengurus` varchar(5) NOT NULL,
  `JumlahKegiatan` varchar(5) NOT NULL,
  `AlamatKantor` varchar(100) NOT NULL,
  `RuangLingkup` varchar(100) NOT NULL
) ENGINE=InnoDB DEFAULT CHARSET=latin1;

--
-- Dumping data for table `potensilembagamasyarakat`
--

INSERT INTO `potensilembagamasyarakat` (`id`, `JenisLembaga`, `DasarHukum`, `Jumlah`, `JumlahPengurus`, `JumlahKegiatan`, `AlamatKantor`, `RuangLingkup`) VALUES
(1, 'LPMD/LPMK ATAU SEBUTAN LAIN', 'Berdasarkan Keputusan Lurah/Kepala Desa', '1', '12', '1', 'kompleks perkantoran desa lubang buaya', 'Pelaksana Teknis Kegiatan Fisik');

-- --------------------------------------------------------

--
-- Table structure for table `potensilembagapendidikan`
--

CREATE TABLE `potensilembagapendidikan` (
  `id` int(11) NOT NULL,
  `JenisSekolah` varchar(20) NOT NULL,
  `JumlahNegeri` varchar(5) NOT NULL,
  `JumlahSwasta` varchar(5) NOT NULL,
  `JumlahDiMilikDesa` varchar(5) NOT NULL,
  `JumlahPengajar` varchar(5) NOT NULL,
  `JumlahSiswa` varchar(5) NOT NULL,
  `Jumlah` varchar(5) NOT NULL
) ENGINE=InnoDB DEFAULT CHARSET=latin1;

--
-- Dumping data for table `potensilembagapendidikan`
--

INSERT INTO `potensilembagapendidikan` (`id`, `JenisSekolah`, `JumlahNegeri`, `JumlahSwasta`, `JumlahDiMilikDesa`, `JumlahPengajar`, `JumlahSiswa`, `Jumlah`) VALUES
(1, 'Play Group', '-', '1', '1', '5', '40', '2'),
(2, 'TK', '-', '5', '1', '20', '120', '6'),
(3, 'SD', '5', '2', '-', '84', '1024', '7'),
(4, 'SMP', '1', '1', '-', '80', '1500', '2'),
(5, 'SMA', '-', '1', '-', '35', '450', '1'),
(6, 'Sekolah Tinggi', '-', '-', '-', '-', '-', '-');

-- --------------------------------------------------------

--
-- Table structure for table `potensiprasaranaairsanitasi`
--

CREATE TABLE `potensiprasaranaairsanitasi` (
  `id` int(11) NOT NULL,
  `Jenis` enum('Air','Sanitasi') NOT NULL,
  `NamaPrasarana` varchar(50) NOT NULL,
  `Jumlah` varchar(20) NOT NULL
) ENGINE=InnoDB DEFAULT CHARSET=latin1;

--
-- Dumping data for table `potensiprasaranaairsanitasi`
--

INSERT INTO `potensiprasaranaairsanitasi` (`id`, `Jenis`, `NamaPrasarana`, `Jumlah`) VALUES
(1, 'Air', 'Sumur Pompa', '50'),
(2, 'Air', 'Sumur Gali', '10'),
(3, 'Air', 'Hidran Umum', '5'),
(4, 'Air', 'Penampung Air Hujan', '2'),
(5, 'Air', 'Tangki Air Bersih', '15'),
(6, 'Air', 'Embung', '5'),
(7, 'Air', 'Mata Air', '-'),
(8, 'Air', 'Bangunan Pengolahan Air', '-'),
(9, 'Sanitasi', 'Sumur Resapan Air Rumah Tangga', '15'),
(10, 'Sanitasi', 'MCK Umum', '5'),
(11, 'Sanitasi', 'Jamban Keluarga', '25'),
(12, 'Sanitasi', 'Saluran Drainase/Saluran Pembuangan Air Limbah', '25'),
(13, 'Sanitasi', 'Kondisi Saluran Drainase/Saluran', 'bagus');

-- --------------------------------------------------------

--
-- Table structure for table `potensiprasaranabangunan`
--

CREATE TABLE `potensiprasaranabangunan` (
  `id` int(11) NOT NULL,
  `Jenis` enum('Ibadah','Olahraga','Kesehatan','Pendidikan','Penerangan') NOT NULL,
  `Nama` varchar(50) NOT NULL,
  `Jumlah` varchar(20) NOT NULL
) ENGINE=InnoDB DEFAULT CHARSET=latin1;

--
-- Dumping data for table `potensiprasaranabangunan`
--

INSERT INTO `potensiprasaranabangunan` (`id`, `Jenis`, `Nama`, `Jumlah`) VALUES
(1, 'Ibadah', 'Masjid', '2'),
(2, 'Ibadah', 'Gereja', '-'),
(3, 'Ibadah', 'Langgar/Surau/Mushola', '5'),
(4, 'Olahraga', 'Lapangan bulu tangkis', '5'),
(5, 'Olahraga', 'Meja pingpong', '5'),
(6, 'Olahraga', 'Lapangan voli', '2'),
(7, 'Olahraga', 'Lapangan golf', '-'),
(8, 'Kesehatan', 'Poliklinik/balai pengobatan', '2'),
(9, 'Kesehatan', 'Balai pengobatan masyarakat yayasan/swasta', '2'),
(10, 'Kesehatan', 'Posyandu', '5'),
(11, 'Kesehatan', 'Bidan', '5'),
(12, 'Pendidikan', 'Gedung Kampus PTS', '-'),
(13, 'Pendidikan', 'Gedung SMA/sederajat', '1'),
(14, 'Pendidikan', 'Gedung SMP/sederajat', '3'),
(15, 'Pendidikan', 'Gedung SD/sederajat', '7'),
(16, 'Pendidikan', 'Gedung TK', '4'),
(17, 'Pendidikan', 'Lembaga Pendidikan Agama', '3'),
(18, 'Pendidikan', 'Perpustakaan desa/kelurahan', '1'),
(19, 'Penerangan', 'Listrik PLN (Unit)', '1'),
(20, 'Penerangan', 'Diesel Umum (Unit)', '1'),
(21, 'Penerangan', 'Genset Pribadi (Unit)', '5'),
(22, 'Penerangan', 'Lampu Minyak Tanah/Jarak/Kelapa (KK)', '-'),
(23, 'Penerangan', 'Kayu Bakar (KK)', '3'),
(24, 'Penerangan', 'Batu Bara (KK)', '-'),
(25, 'Penerangan', 'Tanpa Penerangan (KK', '-');

-- --------------------------------------------------------

--
-- Table structure for table `potensiprasaranairigasi`
--

CREATE TABLE `potensiprasaranairigasi` (
  `id` int(11) NOT NULL,
  `Saluran` varchar(50) NOT NULL,
  `Jumlah` varchar(20) NOT NULL,
  `JumlahRusak` varchar(20) NOT NULL
) ENGINE=InnoDB DEFAULT CHARSET=latin1;

--
-- Dumping data for table `potensiprasaranairigasi`
--

INSERT INTO `potensiprasaranairigasi` (`id`, `Saluran`, `Jumlah`, `JumlahRusak`) VALUES
(1, 'Panjang Saluran Primer (M)', '200', '100'),
(2, 'Panjang Saluran Sekunder (M)', '300', '20'),
(3, 'Panjang Saluran Tersier (M)', '600', '200'),
(4, 'Pintu Sadap (Unit)', '6', '1'),
(5, 'Pintu Pembagi Air (Unit)', '5', '5');

-- --------------------------------------------------------

--
-- Table structure for table `potensiprasaranakominfo`
--

CREATE TABLE `potensiprasaranakominfo` (
  `id` int(11) NOT NULL,
  `Kategori` varchar(100) NOT NULL,
  `Jenis` varchar(100) NOT NULL,
  `Jumlah` varchar(20) NOT NULL,
  `Satuan` varchar(10) NOT NULL
) ENGINE=InnoDB DEFAULT CHARSET=latin1;

--
-- Dumping data for table `potensiprasaranakominfo`
--

INSERT INTO `potensiprasaranakominfo` (`id`, `Kategori`, `Jenis`, `Jumlah`, `Satuan`) VALUES
(1, 'Koran/Majalah/Buletin', 'Papan Iklan/Reklame', '10', 'Unit'),
(2, 'Telepon', 'Jumlan Pengguna Telkom', '25', 'unit'),
(3, 'Kantor Pos', 'Tukang Pos', '2', 'personel');

-- --------------------------------------------------------

--
-- Table structure for table `potensiprasaranapemerintah`
--

CREATE TABLE `potensiprasaranapemerintah` (
  `id` int(11) NOT NULL,
  `Jenis` enum('Pemerintah','Kantor Desa','Kantor BPD') NOT NULL,
  `NamaPrasarana` varchar(100) NOT NULL,
  `Keterangan` varchar(50) NOT NULL
) ENGINE=InnoDB DEFAULT CHARSET=latin1;

--
-- Dumping data for table `potensiprasaranapemerintah`
--

INSERT INTO `potensiprasaranapemerintah` (`id`, `Jenis`, `NamaPrasarana`, `Keterangan`) VALUES
(1, 'Pemerintah', 'Gedung Kantor Atau Balai Pertemuan', '1'),
(2, 'Pemerintah', 'Alat Tulis Kantor', '20'),
(3, 'Pemerintah', 'Barang Inventaris', '5'),
(4, 'Pemerintah', 'Buku Administrasi', '1'),
(5, 'Pemerintah', 'Jumlah Pengurus', '20'),
(6, 'Kantor Desa', 'Gedung Kantor', '1'),
(7, 'Kantor Desa', 'Jumlah Ruang Kerja (Ruang)', '10'),
(8, 'Kantor Desa', 'Balai Desa/Kelurahan/Sejenisnya', '1'),
(9, 'Kantor Desa', 'Listrik', '1'),
(10, 'Kantor Desa', 'Air Bersih ', '5'),
(11, 'Kantor Desa', 'Telepon', '10'),
(12, 'Kantor Desa', 'Rumah Dinas Kepala Desa/Lurah', '1'),
(13, 'Kantor Desa', 'Rumah Dinas Perangkat', '5'),
(14, 'Kantor BPD', 'Gedung Kantor', '1'),
(15, 'Kantor BPD', 'Ruangan Kerja', '5'),
(16, 'Kantor BPD', 'Balai BPD', '1'),
(17, 'Kantor BPD', 'Listrik', '1'),
(18, 'Kantor BPD', 'Air Bersih', '1'),
(19, 'Kantor BPD', 'Telepon', '3'),
(20, 'Kantor BPD', 'Komputer (Unit)', '5');

-- --------------------------------------------------------

--
-- Table structure for table `potensiprasaranatranportasi`
--

CREATE TABLE `potensiprasaranatranportasi` (
  `id` int(11) NOT NULL,
  `Jenis` varchar(50) NOT NULL,
  `Nama` varchar(50) NOT NULL,
  `KondisiBaik` varchar(20) NOT NULL,
  `KondisiRusak` varchar(20) NOT NULL,
  `Jumlah` varchar(20) NOT NULL
) ENGINE=InnoDB DEFAULT CHARSET=latin1;

--
-- Dumping data for table `potensiprasaranatranportasi`
--

INSERT INTO `potensiprasaranatranportasi` (`id`, `Jenis`, `Nama`, `KondisiBaik`, `KondisiRusak`, `Jumlah`) VALUES
(1, 'Jalan Desa', 'Panjang Jalan Aspal', '10', '5', '15'),
(2, 'Jembatan', 'Jumlah Jembatan Beton', '5', '1', '6'),
(3, 'Angkutan Darat', 'Jumlah Pangkalan Ojek', '5', '1', '6');

-- --------------------------------------------------------

--
-- Table structure for table `potensisdaiklim`
--

CREATE TABLE `potensisdaiklim` (
  `id` int(11) NOT NULL,
  `KodeIklim` varchar(10) NOT NULL,
  `NamaIklim` varchar(100) NOT NULL,
  `KetIklim` varchar(30) NOT NULL
) ENGINE=InnoDB DEFAULT CHARSET=latin1;

--
-- Dumping data for table `potensisdaiklim`
--

INSERT INTO `potensisdaiklim` (`id`, `KodeIklim`, `NamaIklim`, `KetIklim`) VALUES
(1, '1', 'Curah Hujan', '100 mm'),
(2, '1', 'Jumlah Bulan Hujan', '5'),
(3, '1', 'Kelembapan Udara', '40%'),
(4, '1', 'Suhu Rata-Rata Harian', '28 '),
(5, '1', 'Tinggi Di Atas Permukaan Laut', '275'),
(6, '2', 'Warnah Tanah', 'Merah'),
(7, '2', 'Tekstur Tanah', 'Halus'),
(8, '2', 'Kemirigan Tanah', '25'),
(9, '2', 'Lahan Kritis', 'tidak ada'),
(10, '2', 'Lahan Terlantar', '100'),
(11, '3', 'Erosi Ringan', '-'),
(12, '3', 'Erosi Sedang', '-'),
(13, '3', 'Erosi Berat', '-'),
(14, '3', 'Tidak Ada Erosi', '-');

-- --------------------------------------------------------

--
-- Table structure for table `potensisdapertanian`
--

CREATE TABLE `potensisdapertanian` (
  `id` int(11) NOT NULL,
  `Kode` varchar(10) NOT NULL,
  `Luas` varchar(100) NOT NULL,
  `Jumlah` varchar(20) NOT NULL,
  `NamaKomoditas` varchar(100) NOT NULL,
  `LuasProduksi` varchar(20) NOT NULL,
  `HasilProduksi` varchar(20) NOT NULL,
  `NilaiProduksi` float NOT NULL,
  `BiayaPupuk` float NOT NULL,
  `BiayaBibit` float NOT NULL,
  `BiayaObat` float NOT NULL,
  `BiayaLain` float NOT NULL,
  `SaldoProduksi` float NOT NULL
) ENGINE=InnoDB DEFAULT CHARSET=latin1;

--
-- Dumping data for table `potensisdapertanian`
--

INSERT INTO `potensisdapertanian` (`id`, `Kode`, `Luas`, `Jumlah`, `NamaKomoditas`, `LuasProduksi`, `HasilProduksi`, `NilaiProduksi`, `BiayaPupuk`, `BiayaBibit`, `BiayaObat`, `BiayaLain`, `SaldoProduksi`) VALUES
(1, '1', 'Memiliki Kurang 10 Ha (KK)', '125', '', '', '', 0, 0, 0, 0, 0, 0),
(2, '1', 'Memiliki 10 - 50 Ha (KK)', '15', '', '', '', 0, 0, 0, 0, 0, 0),
(3, '1', 'Memiliki 50 - 100 Ha (KK)', '5', '', '', '', 0, 0, 0, 0, 0, 0),
(4, '1', 'Memiliki Lebih Dari 100 Ha (KK)', '2', '', '', '', 0, 0, 0, 0, 0, 0),
(5, '1', 'Jumlah Keluarga Memiliki Tanah (KK)', '147', '', '', '', 0, 0, 0, 0, 0, 0),
(6, '1', 'Jumlah Keluarga Tidak Memiliki Tanah (KK)', '-', '', '', '', 0, 0, 0, 0, 0, 0),
(7, '1', 'Jumlah Keluarga Petani Tanaman Pangan (KK)', '100', '', '', '', 0, 0, 0, 0, 0, 0),
(8, '2', '', '', 'Padi', '1000', '10', 250000000, 25000000, 15000000, 15000000, 10000000, 185000000),
(9, '2', '', '', 'Ubi Kayu', '100', '10', 10000000, 5000000, 5000000, 5000000, 5000000, 20000000);

-- --------------------------------------------------------

--
-- Table structure for table `potensisdatanah`
--

CREATE TABLE `potensisdatanah` (
  `id` int(11) NOT NULL,
  `KodeTanah` varchar(10) NOT NULL,
  `NamaTanah` varchar(100) NOT NULL,
  `LuasTanah` varchar(30) NOT NULL
) ENGINE=InnoDB DEFAULT CHARSET=latin1;

--
-- Dumping data for table `potensisdatanah`
--

INSERT INTO `potensisdatanah` (`id`, `KodeTanah`, `NamaTanah`, `LuasTanah`) VALUES
(1, '1', 'Sawah Irigasi Teknis', '12'),
(2, '1', 'Sawah Tadah Hujan', '20'),
(3, '1', 'Sawah Pasang Surut', '15'),
(4, '2', 'Ladang', ' 1.163.392,02'),
(5, '2', 'Pemukiman', '13.370,8'),
(6, '2', 'Pekarangan', '50'),
(7, '3', 'Tanah Rawa', '5'),
(8, '3', 'Pasang Surut', '5'),
(9, '3', 'Lahan Gambut', '5'),
(10, '3', 'Danau/Situ/Waduk', '150'),
(11, '4', 'Perkebunan Rakyat', '200'),
(12, '4', 'Perkebunan Negara', '1000'),
(13, '4', 'Perkebunan Swasta', '100'),
(14, '4', 'Perkebunan Perorangan', '100'),
(15, '5', 'Kas Desa/Kelurahan (Ha)', '10'),
(16, '5', 'Tanah Bengkok (Ha)', ''),
(17, '5', 'Tanah Titi Sara (Ha)', ''),
(18, '5', 'Kebun Desa (Ha)', ''),
(19, '5', 'Sawah Desa (Ha)', ''),
(20, '5', 'Lapangan Olahraga (Ha)', ''),
(21, '5', 'Perkantoran Pemerintah (Ha)', ''),
(22, '5', 'Ruang Publik/Taman Kota (Ha)', ''),
(23, '5', 'Tempat Pemakaman Umum (Ha)', ''),
(24, '5', 'Tempat Pembuangan Sampah (Ha)', ''),
(25, '5', 'Bangunan Sekolah/Perguruan Tinggi (Ha)', ''),
(26, '5', 'Pertokoan (Ha)', ''),
(27, '5', 'Fasilitas Pasar (Ha)', ''),
(28, '5', 'Terminal (Ha)', ''),
(29, '5', 'Jalan (Ha)', ''),
(30, '5', 'Daerah Tangkapan Air (Ha)', ''),
(31, '5', 'Usaha Perikanan (Ha)', ''),
(32, '5', 'Sutet/Aliran Listrik Tegangan Tinggi (Ha)', ''),
(33, '', '', ''),
(34, '', '', ''),
(35, '6', 'Hutan Adat (Ha)', '20'),
(36, '6', 'Hutan Asli (Ha)', ''),
(37, '6', 'Hutan Sekunder (Ha)', ''),
(38, '6', 'Hutan Buatan (Ha)', ''),
(39, '6', 'Hutan Mangrove (Ha)', ''),
(40, '6', 'Hutan Suaka (Ha)', ''),
(41, '6', 'Suaka Alam (Ha)', ''),
(42, '6', 'Suaka Margasatwa (Ha)', ''),
(43, '6', 'Hutan Rakyat (Ha)', ''),
(44, '6', 'Hutan Konservasi (Ha)', ''),
(45, '6', 'Hutan Lindung (Ha)', ''),
(46, '6', 'Hutan Produksi (Ha)', ''),
(47, '6', 'Hutan Produksi Tetap (Ha)', ''),
(48, '6', 'Hutan Terbatas (Ha)', ''),
(49, '', '', '');

-- --------------------------------------------------------

--
-- Table structure for table `potensisdatopografi`
--

CREATE TABLE `potensisdatopografi` (
  `id` int(11) NOT NULL,
  `KodeTopografi` varchar(10) NOT NULL,
  `NamaTopografi` varchar(100) NOT NULL,
  `KetTopografi` varchar(20) NOT NULL
) ENGINE=InnoDB DEFAULT CHARSET=latin1;

--
-- Dumping data for table `potensisdatopografi`
--

INSERT INTO `potensisdatopografi` (`id`, `KodeTopografi`, `NamaTopografi`, `KetTopografi`) VALUES
(1, '1', 'Desa/Kelurahan Dataran Rendah (Ha)	', '15'),
(2, '1', 'Desa/Kelurahan Berbukit-Bukit (Ha)', '12'),
(3, '1', 'Desa/Kelurahan Dataran (Ha)', '15'),
(4, '1', 'Desa/Kelurahan Lereng Gunung (Ha)', '-'),
(5, '1', 'Desa/Kelurahan Tepi Pantai/Pesisir (Ha)', '2.541,07'),
(6, '1', 'Desa/Kelurahan Kawasan Rawa (Ha)', '54.385,28'),
(7, '1', 'Desa/Kelurahan Kawasan Gambut (Ha)', '-'),
(8, '1', 'Desa/Kelurahan Aliran Sungai (Ha)', '-'),
(9, '1', 'Desa/Kelurahan Bantaran Sungai (Ha)', '39.911,14'),
(10, '2', 'Desa/Kelurahan Kawasan Perkantoran (Ha)', '5'),
(11, '2', 'Desa/Kelurahan Kawasan Pertokoan (Ha)', '36,96 '),
(12, '2', 'Desa/Kelurahan Kawasan Campuran (Ha)', '5'),
(13, '2', 'Desa/Kelurahan Kawasan Industri (Ha)', '320,91'),
(14, '2', 'Desa/Kelurahan Kepulauan (Ha)', '-'),
(15, '2', 'Desa/Kelurahan Pantai/Pesisir (Ha)', '44.900,57'),
(16, '2', 'Desa/Kelurahan Kawasan Hutan (Ha)', '-');

-- --------------------------------------------------------

--
-- Table structure for table `potensisdawisata`
--

CREATE TABLE `potensisdawisata` (
  `id` int(11) NOT NULL,
  `Lokasi` varchar(100) NOT NULL,
  `Keberadaan` varchar(20) NOT NULL,
  `Luas` varchar(10) NOT NULL,
  `TingkatManfaat` varchar(10) NOT NULL
) ENGINE=InnoDB DEFAULT CHARSET=latin1;

--
-- Dumping data for table `potensisdawisata`
--

INSERT INTO `potensisdawisata` (`id`, `Lokasi`, `Keberadaan`, `Luas`, `TingkatManfaat`) VALUES
(1, 'Laut (Wisata, Pulau, Taman Laut, Situs Sejarah Bahari, dll) ', 'Ada', '4.201,77', 'Aktif'),
(2, 'Agrowisata', 'ada', '25', 'cukup'),
(3, 'Hutan Khusus', 'ada', '113.522,52', 'aktif'),
(4, 'Goa', 'tidak ada', '-', 'pasif'),
(5, 'Situs Sejarah dan Museum', 'ada', '5', 'pasif');

-- --------------------------------------------------------

--
-- Table structure for table `rincianpembiayaan`
--

CREATE TABLE `rincianpembiayaan` (
  `id` int(11) NOT NULL,
  `no_bukti` varchar(30) DEFAULT NULL,
  `tgl_transaksi` date DEFAULT NULL,
  `KodeRekening` int(11) DEFAULT NULL,
  `penerimaan` float DEFAULT NULL,
  `pengeluaran` float DEFAULT NULL,
  `saldo` float DEFAULT NULL,
  `Keterangan` varchar(50) NOT NULL,
  `JenisRekening` varchar(30) NOT NULL
) ENGINE=InnoDB DEFAULT CHARSET=latin1;

-- --------------------------------------------------------

--
-- Table structure for table `sejarah`
--

CREATE TABLE `sejarah` (
  `id` int(11) NOT NULL,
  `tahun` varchar(10) DEFAULT NULL,
  `sejarah` longtext,
  `tanggal` varchar(30) DEFAULT NULL
) ENGINE=InnoDB DEFAULT CHARSET=latin1;

--
-- Dumping data for table `sejarah`
--

INSERT INTO `sejarah` (`id`, `tahun`, `sejarah`, `tanggal`) VALUES
(10, '2012', '<p>Kabupaten Mappi merupakan salah satu Kabupaten baru yang baru dimekarkan dari Kabupaten induk Merauke bersama 14 Kabupaten lainnya di seluruh Tanah Papua berdasarkan Undang-Undang Nomor 26 Tahun 2002</p>\r\n<p class="location">Kabupaten Mappi Propinsi papua terletak di 06&ordm;.28&prime; - 56&ordm;4&prime; LS dan 139&ordm;.2&prime; - 11&ordm;0&prime; BT, terletak di selatan pulau papua, berbatasan langsung dengan Kabupaten Merauke dan laut Arafuru, memiliki kurang lebih 14 Sungai, dan berawa-rawa berada di ketinggian 0-100 MDL</p>\r\n<p class="location">Kabupaten Mappi memiliki luas wilayah 23.824 km2. Terbagi menjadi 10 Distrik ,136 kampung ,dan 1 kelurahan, dengan Kepi sebagai ibukota kabupaten serta dikelilingi oleh 14 sungai dan rawa,transportasi air dan udara merupakan penghubung bagi penduduknya</p>', '2016-02-28'),
(11, '', '', '');

-- --------------------------------------------------------

--
-- Table structure for table `serialnumber`
--

CREATE TABLE `serialnumber` (
  `cekid` varchar(100) NOT NULL,
  `cekstatus` varchar(50) NOT NULL
) ENGINE=InnoDB DEFAULT CHARSET=latin1;

--
-- Dumping data for table `serialnumber`
--

INSERT INTO `serialnumber` (`cekid`, `cekstatus`) VALUES
('13b4b69cbea8f25718783f46cab698b5', ''),
('177a98ca6a8bba0e660609447af44c04', ''),
('17c9821ebb01e5163e4b9b6877ae7f8c', 'True'),
('226e3699108bf84237177007fbbfc903', ''),
('4e688ef4117f3dab8888c4ce845d7c1d', ''),
('6a2850b999a6974958591108f6d035fd', ''),
('747eb83aa3685384bee55e20623a9c13', ''),
('7979ddd02e06ea0c6c068d9988760ab2', ''),
('874779baeecacc958ffe3f365deda1d7', ''),
('8bddcc4bef2637faa0aa86e30c76ee6e', ''),
('8d98c7ecaad6e2255a3e32688d4800dd', ''),
('9229acb4d6ef5b42885577792e1f12ed', ''),
('96c8b22ba799ad9c92e8745d679f3530', ''),
('9e7c6179fb659d1d2750b2541393b78f', ''),
('acc1ca86e1059368ced447c09c6c5e0f', ''),
('ba90800776f15df1dacad11aa36d0843', ''),
('c2b734791878e4e310cea9fe8e6cdc16', ''),
('cd1906468e00a8f2e8a81ee6288e0672', ''),
('d9a02ba9c4de9be91474b9976230776e', ''),
('e68d143b8876d97051e0ede5eccdcb7c', '');

-- --------------------------------------------------------

--
-- Table structure for table `spp`
--

CREATE TABLE `spp` (
  `ID` int(11) NOT NULL,
  `IDKodeRKABelanja` int(11) NOT NULL,
  `PencairanSebelum` double NOT NULL,
  `PencairanSekarang` double NOT NULL,
  `PermintaanSekarang` double NOT NULL
) ENGINE=MyISAM DEFAULT CHARSET=latin1;

-- --------------------------------------------------------

--
-- Table structure for table `surat`
--

CREATE TABLE `surat` (
  `ID` int(11) NOT NULL,
  `TanggalSurat` date NOT NULL,
  `Tipe` varchar(250) NOT NULL,
  `NoSurat` varchar(250) NOT NULL,
  `TanggalExp` date NOT NULL,
  `NoKTP` varchar(250) NOT NULL,
  `Nama` varchar(250) NOT NULL,
  `Keperluan` text NOT NULL,
  `Keterangan` varchar(100) NOT NULL
) ENGINE=MyISAM DEFAULT CHARSET=latin1;

--
-- Dumping data for table `surat`
--

INSERT INTO `surat` (`ID`, `TanggalSurat`, `Tipe`, `NoSurat`, `TanggalExp`, `NoKTP`, `Nama`, `Keperluan`, `Keterangan`) VALUES
(1, '2016-05-21', 'Surat Pengantar SKCK', '001/UKS/V/2016', '0000-00-00', '0818430447', 'admin', 'yes', 'bro');

-- --------------------------------------------------------

--
-- Table structure for table `suratkeluar`
--

CREATE TABLE `suratkeluar` (
  `ID` int(11) NOT NULL,
  `JenisSurat` varchar(50) NOT NULL,
  `NoSurat` varchar(50) NOT NULL,
  `IsiSurat` longtext NOT NULL,
  `Pengirim` varchar(100) NOT NULL,
  `Tujuan` varchar(100) NOT NULL,
  `Tanggal` date NOT NULL,
  `Keterangan` varchar(50) NOT NULL
) ENGINE=InnoDB DEFAULT CHARSET=latin1;

-- --------------------------------------------------------

--
-- Table structure for table `suratmasuk`
--

CREATE TABLE `suratmasuk` (
  `ID` int(11) NOT NULL,
  `JenisSurat` varchar(50) NOT NULL,
  `NoSurat` varchar(50) NOT NULL,
  `TanggalSurat` date NOT NULL,
  `IsiSurat` longtext NOT NULL,
  `Pengirim` varchar(50) NOT NULL,
  `Penerima` varchar(100) NOT NULL,
  `Keterangan` varchar(100) NOT NULL
) ENGINE=InnoDB DEFAULT CHARSET=latin1;

--
-- Dumping data for table `suratmasuk`
--

INSERT INTO `suratmasuk` (`ID`, `JenisSurat`, `NoSurat`, `TanggalSurat`, `IsiSurat`, `Pengirim`, `Penerima`, `Keterangan`) VALUES
(1, ' kebersihan kelas', ' di sekolah saya', '0000-00-00', '<p>ayo bisa</p>', ' saya', '', ' oke joss');

-- --------------------------------------------------------

--
-- Table structure for table `tblsumberdana`
--

CREATE TABLE `tblsumberdana` (
  `id` int(11) NOT NULL,
  `sumberdana` varchar(100) DEFAULT NULL
) ENGINE=InnoDB DEFAULT CHARSET=latin1;

--
-- Dumping data for table `tblsumberdana`
--

INSERT INTO `tblsumberdana` (`id`, `sumberdana`) VALUES
(1, 'ADD'),
(2, 'DD'),
(3, 'APBN'),
(4, 'APBD'),
(5, 'LAINNYA');

-- --------------------------------------------------------

--
-- Table structure for table `uangpajak`
--

CREATE TABLE `uangpajak` (
  `ID` int(11) NOT NULL,
  `Tanggal` date NOT NULL,
  `Uraian` varchar(100) NOT NULL,
  `NoBukti` varchar(30) NOT NULL,
  `Pemotongan` double NOT NULL,
  `Penyetoran` double NOT NULL,
  `Keterangan` varchar(100) NOT NULL
) ENGINE=InnoDB DEFAULT CHARSET=latin1;

--
-- Dumping data for table `uangpajak`
--

INSERT INTO `uangpajak` (`ID`, `Tanggal`, `Uraian`, `NoBukti`, `Pemotongan`, `Penyetoran`, `Keterangan`) VALUES
(7, '0000-00-00', ' ', '', 0, 0, 'PungutPajak');

-- --------------------------------------------------------

--
-- Table structure for table `uang_bank_desa`
--

CREATE TABLE `uang_bank_desa` (
  `id` int(11) NOT NULL,
  `no_bukti` varchar(30) NOT NULL,
  `tgl_transaksi` date NOT NULL,
  `KodeRekening` int(11) NOT NULL,
  `masuk_setoran` float NOT NULL,
  `masuk_bunga_bank` float NOT NULL,
  `keluar_penarikan` float NOT NULL,
  `keluar_pajak` float NOT NULL,
  `keluar_biaya_administrasi` float NOT NULL,
  `Keterangan` varchar(100) NOT NULL,
  `JenisRekening` varchar(30) NOT NULL
) ENGINE=InnoDB DEFAULT CHARSET=latin1;

-- --------------------------------------------------------

--
-- Table structure for table `uang_kas_umum`
--

CREATE TABLE `uang_kas_umum` (
  `id` int(11) NOT NULL,
  `no_bukti` varchar(30) DEFAULT NULL,
  `tgl_transaksi` date DEFAULT NULL,
  `KodeRekening` varchar(100) DEFAULT NULL,
  `penerimaan` float DEFAULT NULL,
  `pengeluaran` float DEFAULT NULL,
  `jml_pengeluaran_komulatif` float DEFAULT NULL,
  `saldo` float DEFAULT NULL,
  `Keterangan` varchar(50) NOT NULL,
  `JenisRekening` varchar(30) NOT NULL
) ENGINE=InnoDB DEFAULT CHARSET=latin1;

-- --------------------------------------------------------

--
-- Table structure for table `umum_aparat_pemdes`
--

CREATE TABLE `umum_aparat_pemdes` (
  `id` int(11) NOT NULL,
  `nip` varchar(30) NOT NULL,
  `niap` varchar(30) NOT NULL,
  `nama` varchar(50) NOT NULL,
  `tempat_lahir` varchar(20) NOT NULL,
  `tgl_lahir` date NOT NULL,
  `jen_kel` varchar(20) NOT NULL,
  `agama` varchar(20) NOT NULL,
  `pendidikan` varchar(30) NOT NULL,
  `pangkat_gol` int(30) NOT NULL,
  `jabatan` varchar(30) NOT NULL,
  `no_pegangkatan` varchar(30) NOT NULL,
  `tgl_pengangkatan` date NOT NULL,
  `no_pemberhentian` varchar(30) NOT NULL,
  `tgl_pemberhentian` date NOT NULL,
  `foto` varchar(100) NOT NULL
) ENGINE=InnoDB DEFAULT CHARSET=latin1;

-- --------------------------------------------------------

--
-- Table structure for table `umum_tanah_didesa`
--

CREATE TABLE `umum_tanah_didesa` (
  `id` int(11) NOT NULL,
  `nama_pemilik` varchar(100) NOT NULL,
  `luas_tanah` varchar(20) NOT NULL,
  `luas_hgb` varchar(20) NOT NULL,
  `luas_hgu` varchar(20) NOT NULL,
  `luas_hpl` varchar(20) NOT NULL,
  `luas_hp` varchar(20) NOT NULL,
  `luas_ma` varchar(20) NOT NULL,
  `luas_np_industri` varchar(20) NOT NULL,
  `luas_np_perdagangan` varchar(20) NOT NULL,
  `luas_np_perkantoran` varchar(20) NOT NULL,
  `luas_np_perumahan` varchar(20) NOT NULL
) ENGINE=InnoDB DEFAULT CHARSET=latin1;

-- --------------------------------------------------------

--
-- Table structure for table `umum_tanah_milik_desa`
--

CREATE TABLE `umum_tanah_milik_desa` (
  `id` int(11) NOT NULL,
  `asal_tanah` varchar(50) NOT NULL,
  `no_sertifikat` varchar(30) NOT NULL,
  `luas_tanah` varchar(20) NOT NULL,
  `lokasi` varchar(50) NOT NULL,
  `peruntukan` varchar(50) NOT NULL,
  `tkd_asli_desa` varchar(50) NOT NULL,
  `tkd_bantuan_pemerintah` varchar(50) NOT NULL,
  `tkd_bantuan_prov` varchar(50) NOT NULL,
  `tkd_bantuan_kab` varchar(50) NOT NULL,
  `tkd_bantuan_lain` varchar(50) NOT NULL
) ENGINE=InnoDB DEFAULT CHARSET=latin1;

-- --------------------------------------------------------

--
-- Table structure for table `visi`
--

CREATE TABLE `visi` (
  `id` int(11) NOT NULL,
  `visi` longtext NOT NULL
) ENGINE=InnoDB DEFAULT CHARSET=latin1;

--
-- Dumping data for table `visi`
--

INSERT INTO `visi` (`id`, `visi`) VALUES
(7, 'â€Membangun Mappi yang baru , aman dan damai menuju masyarakat yang sejahtera , mandiri , adil dan demokratis serta berkualitas dan bertanggung jawabâ€ .');

-- --------------------------------------------------------

--
-- Table structure for table `wilayah`
--

CREATE TABLE `wilayah` (
  `id` int(11) NOT NULL,
  `NamaWilayah` varchar(150) NOT NULL,
  `LuasWilayah` varchar(20) NOT NULL
) ENGINE=InnoDB DEFAULT CHARSET=latin1;

--
-- Dumping data for table `wilayah`
--

INSERT INTO `wilayah` (`id`, `NamaWilayah`, `LuasWilayah`) VALUES
(4, 'Dukuh Bunder', '50 ha');

--
-- Indexes for dumped tables
--

--
-- Indexes for table `bangunan`
--
ALTER TABLE `bangunan`
  ADD PRIMARY KEY (`id`);

--
-- Indexes for table `bataswilayah`
--
ALTER TABLE `bataswilayah`
  ADD PRIMARY KEY (`id`);

--
-- Indexes for table `bpd`
--
ALTER TABLE `bpd`
  ADD PRIMARY KEY (`id`);

--
-- Indexes for table `bpdkeputusan`
--
ALTER TABLE `bpdkeputusan`
  ADD PRIMARY KEY (`ID`);

--
-- Indexes for table `bpd_kegiatan`
--
ALTER TABLE `bpd_kegiatan`
  ADD PRIMARY KEY (`id`);

--
-- Indexes for table `contact`
--
ALTER TABLE `contact`
  ADD PRIMARY KEY (`id`);

--
-- Indexes for table `dataaparat`
--
ALTER TABLE `dataaparat`
  ADD PRIMARY KEY (`id`);

--
-- Indexes for table `detailrkp`
--
ALTER TABLE `detailrkp`
  ADD PRIMARY KEY (`ID`);

--
-- Indexes for table `inventaris`
--
ALTER TABLE `inventaris`
  ADD PRIMARY KEY (`id`);

--
-- Indexes for table `kelahiran`
--
ALTER TABLE `kelahiran`
  ADD PRIMARY KEY (`id`);

--
-- Indexes for table `kematian`
--
ALTER TABLE `kematian`
  ADD PRIMARY KEY (`id`);

--
-- Indexes for table `keputusankepdes`
--
ALTER TABLE `keputusankepdes`
  ADD PRIMARY KEY (`id`);

--
-- Indexes for table `login`
--
ALTER TABLE `login`
  ADD PRIMARY KEY (`id`);

--
-- Indexes for table `masterkodeakun`
--
ALTER TABLE `masterkodeakun`
  ADD PRIMARY KEY (`ID`);

--
-- Indexes for table `masterkodejenis`
--
ALTER TABLE `masterkodejenis`
  ADD PRIMARY KEY (`ID`);

--
-- Indexes for table `masterkodekelompok`
--
ALTER TABLE `masterkodekelompok`
  ADD PRIMARY KEY (`ID`);

--
-- Indexes for table `masterkodeobjek`
--
ALTER TABLE `masterkodeobjek`
  ADD PRIMARY KEY (`ID`);

--
-- Indexes for table `masterkodepajak`
--
ALTER TABLE `masterkodepajak`
  ADD PRIMARY KEY (`ID`);

--
-- Indexes for table `masterkodeprogram`
--
ALTER TABLE `masterkodeprogram`
  ADD PRIMARY KEY (`ID`);

--
-- Indexes for table `masterkoderincian`
--
ALTER TABLE `masterkoderincian`
  ADD PRIMARY KEY (`ID`);

--
-- Indexes for table `masterrancanganapbddes`
--
ALTER TABLE `masterrancanganapbddes`
  ADD PRIMARY KEY (`ID`);

--
-- Indexes for table `masterrkabelanja`
--
ALTER TABLE `masterrkabelanja`
  ADD PRIMARY KEY (`ID`);

--
-- Indexes for table `masterrkapembiayaan`
--
ALTER TABLE `masterrkapembiayaan`
  ADD PRIMARY KEY (`ID`);

--
-- Indexes for table `masterrkapendapatan`
--
ALTER TABLE `masterrkapendapatan`
  ADD PRIMARY KEY (`ID`);

--
-- Indexes for table `masterrkpdes`
--
ALTER TABLE `masterrkpdes`
  ADD PRIMARY KEY (`ID`);

--
-- Indexes for table `masterrpjmdes`
--
ALTER TABLE `masterrpjmdes`
  ADD PRIMARY KEY (`ID`);

--
-- Indexes for table `misi`
--
ALTER TABLE `misi`
  ADD PRIMARY KEY (`id`);

--
-- Indexes for table `pekerjaan`
--
ALTER TABLE `pekerjaan`
  ADD PRIMARY KEY (`id`);

--
-- Indexes for table `pemukiman`
--
ALTER TABLE `pemukiman`
  ADD PRIMARY KEY (`id`);

--
-- Indexes for table `pendidikan`
--
ALTER TABLE `pendidikan`
  ADD PRIMARY KEY (`id`);

--
-- Indexes for table `penduduk`
--
ALTER TABLE `penduduk`
  ADD PRIMARY KEY (`id`);

--
-- Indexes for table `pendudukmutasi`
--
ALTER TABLE `pendudukmutasi`
  ADD PRIMARY KEY (`id`);

--
-- Indexes for table `perdes`
--
ALTER TABLE `perdes`
  ADD PRIMARY KEY (`id`);

--
-- Indexes for table `potensilembagakeamanan`
--
ALTER TABLE `potensilembagakeamanan`
  ADD PRIMARY KEY (`id`);

--
-- Indexes for table `potensilembagamasyarakat`
--
ALTER TABLE `potensilembagamasyarakat`
  ADD PRIMARY KEY (`id`);

--
-- Indexes for table `potensilembagapendidikan`
--
ALTER TABLE `potensilembagapendidikan`
  ADD PRIMARY KEY (`id`);

--
-- Indexes for table `potensiprasaranaairsanitasi`
--
ALTER TABLE `potensiprasaranaairsanitasi`
  ADD PRIMARY KEY (`id`);

--
-- Indexes for table `potensiprasaranabangunan`
--
ALTER TABLE `potensiprasaranabangunan`
  ADD PRIMARY KEY (`id`);

--
-- Indexes for table `potensiprasaranairigasi`
--
ALTER TABLE `potensiprasaranairigasi`
  ADD PRIMARY KEY (`id`);

--
-- Indexes for table `potensiprasaranakominfo`
--
ALTER TABLE `potensiprasaranakominfo`
  ADD PRIMARY KEY (`id`);

--
-- Indexes for table `potensiprasaranapemerintah`
--
ALTER TABLE `potensiprasaranapemerintah`
  ADD PRIMARY KEY (`id`);

--
-- Indexes for table `potensiprasaranatranportasi`
--
ALTER TABLE `potensiprasaranatranportasi`
  ADD PRIMARY KEY (`id`);

--
-- Indexes for table `potensisdaiklim`
--
ALTER TABLE `potensisdaiklim`
  ADD PRIMARY KEY (`id`);

--
-- Indexes for table `potensisdapertanian`
--
ALTER TABLE `potensisdapertanian`
  ADD PRIMARY KEY (`id`);

--
-- Indexes for table `potensisdatanah`
--
ALTER TABLE `potensisdatanah`
  ADD PRIMARY KEY (`id`);

--
-- Indexes for table `potensisdatopografi`
--
ALTER TABLE `potensisdatopografi`
  ADD PRIMARY KEY (`id`);

--
-- Indexes for table `potensisdawisata`
--
ALTER TABLE `potensisdawisata`
  ADD PRIMARY KEY (`id`);

--
-- Indexes for table `rincianpembiayaan`
--
ALTER TABLE `rincianpembiayaan`
  ADD PRIMARY KEY (`id`);

--
-- Indexes for table `sejarah`
--
ALTER TABLE `sejarah`
  ADD PRIMARY KEY (`id`);

--
-- Indexes for table `serialnumber`
--
ALTER TABLE `serialnumber`
  ADD PRIMARY KEY (`cekid`);

--
-- Indexes for table `spp`
--
ALTER TABLE `spp`
  ADD PRIMARY KEY (`ID`);

--
-- Indexes for table `surat`
--
ALTER TABLE `surat`
  ADD PRIMARY KEY (`ID`);

--
-- Indexes for table `suratkeluar`
--
ALTER TABLE `suratkeluar`
  ADD PRIMARY KEY (`ID`);

--
-- Indexes for table `suratmasuk`
--
ALTER TABLE `suratmasuk`
  ADD PRIMARY KEY (`ID`);

--
-- Indexes for table `tblsumberdana`
--
ALTER TABLE `tblsumberdana`
  ADD PRIMARY KEY (`id`);

--
-- Indexes for table `uangpajak`
--
ALTER TABLE `uangpajak`
  ADD PRIMARY KEY (`ID`);

--
-- Indexes for table `uang_bank_desa`
--
ALTER TABLE `uang_bank_desa`
  ADD PRIMARY KEY (`id`);

--
-- Indexes for table `uang_kas_umum`
--
ALTER TABLE `uang_kas_umum`
  ADD PRIMARY KEY (`id`);

--
-- Indexes for table `umum_aparat_pemdes`
--
ALTER TABLE `umum_aparat_pemdes`
  ADD PRIMARY KEY (`id`);

--
-- Indexes for table `umum_tanah_didesa`
--
ALTER TABLE `umum_tanah_didesa`
  ADD PRIMARY KEY (`id`);

--
-- Indexes for table `umum_tanah_milik_desa`
--
ALTER TABLE `umum_tanah_milik_desa`
  ADD PRIMARY KEY (`id`);

--
-- Indexes for table `visi`
--
ALTER TABLE `visi`
  ADD PRIMARY KEY (`id`);

--
-- Indexes for table `wilayah`
--
ALTER TABLE `wilayah`
  ADD PRIMARY KEY (`id`);

--
-- AUTO_INCREMENT for dumped tables
--

--
-- AUTO_INCREMENT for table `bangunan`
--
ALTER TABLE `bangunan`
  MODIFY `id` int(11) NOT NULL AUTO_INCREMENT, AUTO_INCREMENT=4;
--
-- AUTO_INCREMENT for table `bataswilayah`
--
ALTER TABLE `bataswilayah`
  MODIFY `id` int(11) NOT NULL AUTO_INCREMENT, AUTO_INCREMENT=6;
--
-- AUTO_INCREMENT for table `bpd`
--
ALTER TABLE `bpd`
  MODIFY `id` int(11) NOT NULL AUTO_INCREMENT, AUTO_INCREMENT=12;
--
-- AUTO_INCREMENT for table `bpdkeputusan`
--
ALTER TABLE `bpdkeputusan`
  MODIFY `ID` int(11) NOT NULL AUTO_INCREMENT;
--
-- AUTO_INCREMENT for table `bpd_kegiatan`
--
ALTER TABLE `bpd_kegiatan`
  MODIFY `id` int(11) NOT NULL AUTO_INCREMENT;
--
-- AUTO_INCREMENT for table `dataaparat`
--
ALTER TABLE `dataaparat`
  MODIFY `id` int(11) NOT NULL AUTO_INCREMENT;
--
-- AUTO_INCREMENT for table `detailrkp`
--
ALTER TABLE `detailrkp`
  MODIFY `ID` int(11) NOT NULL AUTO_INCREMENT;
--
-- AUTO_INCREMENT for table `inventaris`
--
ALTER TABLE `inventaris`
  MODIFY `id` int(11) NOT NULL AUTO_INCREMENT, AUTO_INCREMENT=3;
--
-- AUTO_INCREMENT for table `kelahiran`
--
ALTER TABLE `kelahiran`
  MODIFY `id` int(11) NOT NULL AUTO_INCREMENT;
--
-- AUTO_INCREMENT for table `kematian`
--
ALTER TABLE `kematian`
  MODIFY `id` int(11) NOT NULL AUTO_INCREMENT;
--
-- AUTO_INCREMENT for table `keputusankepdes`
--
ALTER TABLE `keputusankepdes`
  MODIFY `id` int(11) NOT NULL AUTO_INCREMENT;
--
-- AUTO_INCREMENT for table `login`
--
ALTER TABLE `login`
  MODIFY `id` int(11) NOT NULL AUTO_INCREMENT, AUTO_INCREMENT=2;
--
-- AUTO_INCREMENT for table `masterkodeakun`
--
ALTER TABLE `masterkodeakun`
  MODIFY `ID` int(11) NOT NULL AUTO_INCREMENT, AUTO_INCREMENT=4;
--
-- AUTO_INCREMENT for table `masterkodejenis`
--
ALTER TABLE `masterkodejenis`
  MODIFY `ID` int(11) NOT NULL AUTO_INCREMENT, AUTO_INCREMENT=95;
--
-- AUTO_INCREMENT for table `masterkodekelompok`
--
ALTER TABLE `masterkodekelompok`
  MODIFY `ID` int(11) NOT NULL AUTO_INCREMENT, AUTO_INCREMENT=72;
--
-- AUTO_INCREMENT for table `masterkodeobjek`
--
ALTER TABLE `masterkodeobjek`
  MODIFY `ID` int(11) NOT NULL AUTO_INCREMENT, AUTO_INCREMENT=49;
--
-- AUTO_INCREMENT for table `masterkodepajak`
--
ALTER TABLE `masterkodepajak`
  MODIFY `ID` int(11) NOT NULL AUTO_INCREMENT, AUTO_INCREMENT=7;
--
-- AUTO_INCREMENT for table `masterkodeprogram`
--
ALTER TABLE `masterkodeprogram`
  MODIFY `ID` int(11) NOT NULL AUTO_INCREMENT;
--
-- AUTO_INCREMENT for table `masterkoderincian`
--
ALTER TABLE `masterkoderincian`
  MODIFY `ID` int(11) NOT NULL AUTO_INCREMENT, AUTO_INCREMENT=84;
--
-- AUTO_INCREMENT for table `masterrancanganapbddes`
--
ALTER TABLE `masterrancanganapbddes`
  MODIFY `ID` int(11) NOT NULL AUTO_INCREMENT;
--
-- AUTO_INCREMENT for table `masterrkabelanja`
--
ALTER TABLE `masterrkabelanja`
  MODIFY `ID` int(11) NOT NULL AUTO_INCREMENT, AUTO_INCREMENT=3;
--
-- AUTO_INCREMENT for table `masterrkapembiayaan`
--
ALTER TABLE `masterrkapembiayaan`
  MODIFY `ID` int(11) NOT NULL AUTO_INCREMENT;
--
-- AUTO_INCREMENT for table `masterrkapendapatan`
--
ALTER TABLE `masterrkapendapatan`
  MODIFY `ID` int(11) NOT NULL AUTO_INCREMENT, AUTO_INCREMENT=47;
--
-- AUTO_INCREMENT for table `masterrkpdes`
--
ALTER TABLE `masterrkpdes`
  MODIFY `ID` int(11) NOT NULL AUTO_INCREMENT, AUTO_INCREMENT=2;
--
-- AUTO_INCREMENT for table `masterrpjmdes`
--
ALTER TABLE `masterrpjmdes`
  MODIFY `ID` int(11) NOT NULL AUTO_INCREMENT, AUTO_INCREMENT=30;
--
-- AUTO_INCREMENT for table `misi`
--
ALTER TABLE `misi`
  MODIFY `id` int(11) NOT NULL AUTO_INCREMENT, AUTO_INCREMENT=5;
--
-- AUTO_INCREMENT for table `pekerjaan`
--
ALTER TABLE `pekerjaan`
  MODIFY `id` int(11) NOT NULL AUTO_INCREMENT;
--
-- AUTO_INCREMENT for table `pemukiman`
--
ALTER TABLE `pemukiman`
  MODIFY `id` int(11) NOT NULL AUTO_INCREMENT, AUTO_INCREMENT=2;
--
-- AUTO_INCREMENT for table `pendidikan`
--
ALTER TABLE `pendidikan`
  MODIFY `id` int(11) NOT NULL AUTO_INCREMENT, AUTO_INCREMENT=11;
--
-- AUTO_INCREMENT for table `penduduk`
--
ALTER TABLE `penduduk`
  MODIFY `id` int(11) NOT NULL AUTO_INCREMENT, AUTO_INCREMENT=2;
--
-- AUTO_INCREMENT for table `pendudukmutasi`
--
ALTER TABLE `pendudukmutasi`
  MODIFY `id` int(11) NOT NULL AUTO_INCREMENT;
--
-- AUTO_INCREMENT for table `perdes`
--
ALTER TABLE `perdes`
  MODIFY `id` int(11) NOT NULL AUTO_INCREMENT;
--
-- AUTO_INCREMENT for table `potensilembagakeamanan`
--
ALTER TABLE `potensilembagakeamanan`
  MODIFY `id` int(11) NOT NULL AUTO_INCREMENT, AUTO_INCREMENT=7;
--
-- AUTO_INCREMENT for table `potensilembagamasyarakat`
--
ALTER TABLE `potensilembagamasyarakat`
  MODIFY `id` int(11) NOT NULL AUTO_INCREMENT, AUTO_INCREMENT=2;
--
-- AUTO_INCREMENT for table `potensilembagapendidikan`
--
ALTER TABLE `potensilembagapendidikan`
  MODIFY `id` int(11) NOT NULL AUTO_INCREMENT, AUTO_INCREMENT=7;
--
-- AUTO_INCREMENT for table `potensiprasaranaairsanitasi`
--
ALTER TABLE `potensiprasaranaairsanitasi`
  MODIFY `id` int(11) NOT NULL AUTO_INCREMENT, AUTO_INCREMENT=14;
--
-- AUTO_INCREMENT for table `potensiprasaranabangunan`
--
ALTER TABLE `potensiprasaranabangunan`
  MODIFY `id` int(11) NOT NULL AUTO_INCREMENT, AUTO_INCREMENT=26;
--
-- AUTO_INCREMENT for table `potensiprasaranairigasi`
--
ALTER TABLE `potensiprasaranairigasi`
  MODIFY `id` int(11) NOT NULL AUTO_INCREMENT, AUTO_INCREMENT=6;
--
-- AUTO_INCREMENT for table `potensiprasaranakominfo`
--
ALTER TABLE `potensiprasaranakominfo`
  MODIFY `id` int(11) NOT NULL AUTO_INCREMENT, AUTO_INCREMENT=4;
--
-- AUTO_INCREMENT for table `potensiprasaranapemerintah`
--
ALTER TABLE `potensiprasaranapemerintah`
  MODIFY `id` int(11) NOT NULL AUTO_INCREMENT, AUTO_INCREMENT=21;
--
-- AUTO_INCREMENT for table `potensiprasaranatranportasi`
--
ALTER TABLE `potensiprasaranatranportasi`
  MODIFY `id` int(11) NOT NULL AUTO_INCREMENT, AUTO_INCREMENT=4;
--
-- AUTO_INCREMENT for table `potensisdaiklim`
--
ALTER TABLE `potensisdaiklim`
  MODIFY `id` int(11) NOT NULL AUTO_INCREMENT, AUTO_INCREMENT=15;
--
-- AUTO_INCREMENT for table `potensisdapertanian`
--
ALTER TABLE `potensisdapertanian`
  MODIFY `id` int(11) NOT NULL AUTO_INCREMENT, AUTO_INCREMENT=10;
--
-- AUTO_INCREMENT for table `potensisdatanah`
--
ALTER TABLE `potensisdatanah`
  MODIFY `id` int(11) NOT NULL AUTO_INCREMENT, AUTO_INCREMENT=50;
--
-- AUTO_INCREMENT for table `potensisdatopografi`
--
ALTER TABLE `potensisdatopografi`
  MODIFY `id` int(11) NOT NULL AUTO_INCREMENT, AUTO_INCREMENT=17;
--
-- AUTO_INCREMENT for table `potensisdawisata`
--
ALTER TABLE `potensisdawisata`
  MODIFY `id` int(11) NOT NULL AUTO_INCREMENT, AUTO_INCREMENT=6;
--
-- AUTO_INCREMENT for table `rincianpembiayaan`
--
ALTER TABLE `rincianpembiayaan`
  MODIFY `id` int(11) NOT NULL AUTO_INCREMENT;
--
-- AUTO_INCREMENT for table `sejarah`
--
ALTER TABLE `sejarah`
  MODIFY `id` int(11) NOT NULL AUTO_INCREMENT, AUTO_INCREMENT=12;
--
-- AUTO_INCREMENT for table `spp`
--
ALTER TABLE `spp`
  MODIFY `ID` int(11) NOT NULL AUTO_INCREMENT;
--
-- AUTO_INCREMENT for table `surat`
--
ALTER TABLE `surat`
  MODIFY `ID` int(11) NOT NULL AUTO_INCREMENT, AUTO_INCREMENT=2;
--
-- AUTO_INCREMENT for table `suratkeluar`
--
ALTER TABLE `suratkeluar`
  MODIFY `ID` int(11) NOT NULL AUTO_INCREMENT;
--
-- AUTO_INCREMENT for table `suratmasuk`
--
ALTER TABLE `suratmasuk`
  MODIFY `ID` int(11) NOT NULL AUTO_INCREMENT, AUTO_INCREMENT=2;
--
-- AUTO_INCREMENT for table `tblsumberdana`
--
ALTER TABLE `tblsumberdana`
  MODIFY `id` int(11) NOT NULL AUTO_INCREMENT, AUTO_INCREMENT=6;
--
-- AUTO_INCREMENT for table `uangpajak`
--
ALTER TABLE `uangpajak`
  MODIFY `ID` int(11) NOT NULL AUTO_INCREMENT, AUTO_INCREMENT=8;
--
-- AUTO_INCREMENT for table `uang_bank_desa`
--
ALTER TABLE `uang_bank_desa`
  MODIFY `id` int(11) NOT NULL AUTO_INCREMENT;
--
-- AUTO_INCREMENT for table `uang_kas_umum`
--
ALTER TABLE `uang_kas_umum`
  MODIFY `id` int(11) NOT NULL AUTO_INCREMENT;
--
-- AUTO_INCREMENT for table `umum_aparat_pemdes`
--
ALTER TABLE `umum_aparat_pemdes`
  MODIFY `id` int(11) NOT NULL AUTO_INCREMENT;
--
-- AUTO_INCREMENT for table `umum_tanah_didesa`
--
ALTER TABLE `umum_tanah_didesa`
  MODIFY `id` int(11) NOT NULL AUTO_INCREMENT;
--
-- AUTO_INCREMENT for table `umum_tanah_milik_desa`
--
ALTER TABLE `umum_tanah_milik_desa`
  MODIFY `id` int(11) NOT NULL AUTO_INCREMENT;
--
-- AUTO_INCREMENT for table `visi`
--
ALTER TABLE `visi`
  MODIFY `id` int(11) NOT NULL AUTO_INCREMENT, AUTO_INCREMENT=8;
--
-- AUTO_INCREMENT for table `wilayah`
--
ALTER TABLE `wilayah`
  MODIFY `id` int(11) NOT NULL AUTO_INCREMENT, AUTO_INCREMENT=5;
